- -3?
-12888436
In base 10, what is -262 + -845867?
-846129
In base 5, what is -21 - -1142241334?
1142241313
In base 10, what is 8345988 + -3?
8345985
In base 4, what is 3113113 - 1230020?
1223033
In base 12, what is -3 - 1a82337?
-1a8233a
In base 6, what is 4415001 + 42?
4415043
In base 9, what is 10673 + -7358?
2314
In base 6, what is -2 - -144301542?
144301540
In base 3, what is -101122210112111120 - 0?
-101122210112111120
In base 10, what is -2171 - 370440?
-372611
In base 12, what is -355a6b + 163?
-355908
In base 11, what is -3 - -24744306?
24744303
In base 16, what is -749651 - -27?
-74962a
In base 12, what is -28 + 124b00?
124a94
In base 3, what is -202202201022110102 + 0?
-202202201022110102
In base 6, what is -4253152 + 250?
-4252502
In base 4, what is -1 - 322313301213?
-322313301220
In base 4, what is 102 - 130022220333?
-130022220231
In base 11, what is 121 + -3821?
-3700
In base 16, what is -3d005a + -1?
-3d005b
In base 9, what is -34434 + 812?
-33522
In base 16, what is -408e44 + 14?
-408e30
In base 15, what is 5047 - -6d?
50b5
In base 16, what is 4b22e39 + 9?
4b22e42
In base 16, what is 2480 + -e968?
-c4e8
In base 4, what is 201002122203 + -32?
201002122111
In base 14, what is -4 + a5d7646?
a5d7642
In base 5, what is 1403214143 + 11?
1403214204
In base 13, what is -1667 + -29415?
-2aa7c
In base 15, what is 5 - a982575?
-a982570
In base 7, what is -4 - -3121045?
3121041
In base 8, what is -124 - -442131?
442005
In base 11, what is 165 - 687285?
-687120
In base 10, what is 10670 + -672?
9998
In base 13, what is -b2a7c - 6?
-b2a85
In base 10, what is 131968 - 69?
131899
In base 16, what is -101e94 - 2?
-101e96
In base 7, what is 6055225 - 244?
6054651
In base 12, what is -141b179b - -2?
-141b1799
In base 2, what is -111001 + 101010011011101011000?
101010011011100011111
In base 8, what is 103760 - -46?
104026
In base 7, what is -5534 - 26515?
-35352
In base 9, what is -3843 + 17550?
13606
In base 3, what is -20100120010 + -1001?
-20100121011
In base 3, what is 102021200000 - 1011?
102021121212
In base 7, what is -121263 + 23466?
-64464
In base 16, what is -3 + 3089b0?
3089ad
In base 13, what is 2274 - -249b?
4742
In base 16, what is -1969 - 157?
-1ac0
In base 8, what is -50154763 + 7?
-50154754
In base 16, what is -ea4453 - 1?
-ea4454
In base 9, what is -1300 - 1462?
-2762
In base 6, what is -515305400 + -11?
-515305411
In base 8, what is -12157746 - 57?
-12160025
In base 15, what is -89b8 - 536?
-8eee
In base 7, what is -314 + -20515466?
-20516113
In base 13, what is -3165 - 17b3?
-4948
In base 5, what is 2 - -1221234233331?
1221234233333
In base 8, what is 0 - -54660241?
54660241
In base 13, what is 5 + -28a081?
-28a079
In base 12, what is -326b6 - 149?
-32843
In base 12, what is -3834ba8 - -2?
-3834ba6
In base 12, what is -a7 - 2b4b90?
-2b5077
In base 14, what is -bb0a4 + d9?
-bada9
In base 9, what is 113035335 + -10?
113035325
In base 4, what is 2 + 13331022123?
13331022131
In base 7, what is -126656442 - -34?
-126656405
In base 3, what is -10221 + 10000122201200?
10000122120202
In base 16, what is 224 - 59402?
-591de
In base 5, what is 313324 + -212312?
101012
In base 11, what is -10 + -148162?
-148172
In base 16, what is 3 + b92291d?
b922920
In base 16, what is 4c5f9d - -2?
4c5f9f
In base 7, what is -40 + -36531056?
-36531126
In base 9, what is -10866221 - -17?
-10866203
In base 4, what is 10 - -30223112201?
30223112211
In base 13, what is 683 + -5b6b?
-54b8
In base 5, what is 300122 - 222121?
23001
In base 6, what is -112 - -143204?
143052
In base 9, what is 6074767 - 135?
6074632
In base 15, what is -3 + -b17c06d?
-b17c071
In base 8, what is 4410 + -646?
3542
In base 14, what is -14c25d4 + -2?
-14c25d6
In base 7, what is 1550 + 122?
2002
In base 15, what is 33d4d - 8be?
3347e
In base 6, what is -31 + -110523543?
-110524014
In base 7, what is -1120 - 51531?
-52651
In base 13, what is 0 - 3a3b48?
-3a3b48
In base 7, what is -34434 - -2502?
-31632
In base 4, what is 20221 - -202003233?
202030120
In base 12, what is bba53a - 4?
bba536
In base 14, what is -18 - 74c06?
-74c20
In base 6, what is 204515 - 1135?
203340
In base 7, what is 203136 + 223?
203362
In base 2, what is -101 + -111010111000001010110111010?
-111010111000001010110111111
In base 6, what is -10100 + -150252?
-200352
In base 8, what is -1 + -67474676?
-67474677
In base 15, what is -7 - ba442b?
-ba4433
In base 2, what is -10100011110001 - -110111110?
-10011100110011
In base 11, what is 29504528 + 2?
2950452a
In base 13, what is 10 + 891411?
891421
In base 3, what is 2101102122 - 221?
2101101201
In base 4, what is 3033203312 + 132?
3033210110
In base 13, what is c5c87 + -222?
c5a65
In base 11, what is -4 - -27406870?
27406867
In base 10, what is -139324 + -315?
-139639
In base 12, what is -1a65b61 - 9?
-1a65b6a
In base 5, what is 3 - 112000142244?
-112000142241
In base 9, what is 2 + 1488163?
1488165
In base 5, what is -3322231 + -32?
-3322313
In base 16, what is c + 7145ff?
71460b
In base 9, what is 5 + -111665162?
-111665156
In base 2, what is -11010011 + -11011110001101001?
-11011110100111100
In base 8, what is 736 + 67156?
70114
In base 13, what is -22c9c66 + -3?
-22c9c69
In base 16, what is 4b + 9977d?
997c8
In base 9, what is 6 + 15310487?
15310504
In base 15, what is -2 - 25d8e4?
-25d8e6
In base 9, what is -726285 - 16?
-726312
In base 5, what is 32240 - 31201434?
-31114144
In base 6, what is 20 + -24022545?
-24022525
In base 3, what is -10010 - -1012220012?
1012210002
In base 4, what is -220201202 + 12001?
-220123201
In base 6, what is 2 - -431202122?
431202124
In base 7, what is 405046 - 453?
404263
In base 11, what is -164 + a35037?
a34983
In base 2, what is -110001010101100001111 + -111?
-110001010101100010110
In base 14, what is 12 - -16940a?
16941c
In base 12, what is -1a89a1 - -b?
-1a8992
In base 4, what is -30 + -10033322110?
-10033322200
In base 13, what is -59a63 - -3?
-59a60
In base 9, what is -5 + -18663483?
-18663488
In base 7, what is 413 - 21124542?
-21124126
In base 16, what is 15 + 1ae7fa?
1ae80f
In base 6, what is 104043 - 142340?
-34253
In base 8, what is -645 - 23460?
-24325
In base 9, what is -2 - -1704203?
1704201
In base 11, what is 880095 - -5?
88009a
In base 14, what is -1 + 134d354?
134d353
In base 6, what is 404111212 - 32?
404111140
In base 13, what is -2 - 19a14a09?
-19a14a0b
In base 3, what is -1 + 1002120112122?
1002120112121
In base 12, what is -a4 + -ab8187?
-ab826b
In base 13, what is 47 + -4193c31?
-4193bb7
In base 10, what is 3 - -481958?
481961
In base 5, what is -240412 - -223?
-240134
In base 4, what is -3022133300103 + 10?
-3022133300033
In base 4, what is 120021112 + -111000?
113310112
In base 14, what is -693d17 - 47?
-693d60
In base 14, what is -107 - -5818?
5711
In base 14, what is 9d87 - 9d4?
9393
In base 4, what is -223322120121 - 10?
-223322120131
In base 9, what is 75030 - 8677?
65242
In base 8, what is 54332114 + -1?
54332113
In base 12, what is 37a6648 + b?
37a6657
In base 5, what is 421 - 11103342?
-11102421
In base 16, what is -eb98c + -a?
-eb996
In base 5, what is 1330 + 112003?
113333
In base 4, what is -103333031 - 12221?
-110011312
In base 3, what is -101101 - 110110020100?
-110110121201
In base 16, what is -11d85a6 - -1?
-11d85a5
In base 3, what is 1002211200110 - -100200?
1002212001010
In base 4, what is 210323 - 220221?
-3232
In base 4, what is 1 - 113001133222?
-113001133221
In base 11, what is -2521a1 - 12?
-252203
In base 7, what is 240 - -650241?
650511
In base 4, what is -2112 + -22120221023?
-22120223201
In base 8, what is 303406 + -3033?
300353
In base 5, what is 400412021 - -10?
400412031
In base 9, what is 8552 - -4306?
13858
In base 11, what is 4 + 181002951?
181002955
In base 11, what is -117 + 1a479?
1a362
In base 4, what is -1321001020313 - 12?
-1321001020331
In base 8, what is 5 - 3351550?
-3351543
In base 10, what is 64 - 621937?
-621873
In base 15, what is -160 + 48d?
32d
In base 8, what is 4001375 + 10?
4001405
In base 5, what is 20211 + -34312403?
-34242142
In base 15, what is 100d - 4596?
-3588
In base 13, what is -1227c + bcb?
-11381
In base 13, what is -80838 - -1a5?
-80663
In base 6, what is 5 - -4504044141?
4504044150
In base 3, what is 12121 - 10002200122?
-10002111001
In b